ate the greatest common factor of 12735 and 36790.
1415
Calculate the greatest common factor of 22256 and 240.
16
What is the highest common divisor of 683 and 1728673?
683
Calculate the highest common factor of 270 and 58770.
90
Calculate the highest common factor of 1552 and 30070.
194
What is the highest common factor of 155 and 58373?
31
What is the highest common divisor of 365 and 15615065?
365
Calculate the highest common divisor of 29712 and 48.
48
What is the highest common factor of 9604 and 2324?
28
Calculate the highest common factor of 14 and 92295.
7
Calculate the greatest common divisor of 400 and 1852475.
25
What is the highest common divisor of 4 and 3417?
1
Calculate the greatest common divisor of 8489 and 501504.
653
What is the highest common divisor of 16 and 170904?
8
What is the greatest common factor of 165 and 17439?
3
Calculate the greatest common divisor of 2188 and 852773.
547
Calculate the greatest common factor of 190 and 287980.
10
What is the greatest common divisor of 77648 and 6808?
184
What is the greatest common factor of 148843 and 14825?
593
What is the greatest common factor of 62022 and 24?
6
Calculate the highest common factor of 4 and 148.
4
Calculate the highest common divisor of 302017 and 158.
79
What is the greatest common factor of 3409 and 357?
7
What is the highest common factor of 8448 and 462?
66
What is the greatest common factor of 1030 and 785375?
515
What is the highest common factor of 25968 and 432?
48
What is the greatest common divisor of 7216 and 132143?
451
Calculate the highest common factor of 64680 and 196.
196
What is the highest common divisor of 187 and 7917954?
187
Calculate the highest common divisor of 5124 and 50996.
244
Calculate the greatest common divisor of 3468 and 9588.
204
Calculate the greatest common divisor of 20551518 and 26.
26
Calculate the highest common factor of 4075 and 1225.
25
What is the highest common divisor of 1448886 and 6?
6
Calculate the greatest common factor of 77283 and 558.
279
What is the greatest common divisor of 31966 and 1859?
11
What is the highest common divisor of 25382 and 28?
14
What is the greatest common factor of 2358 and 57640?
262
Calculate the highest common divisor of 172832 and 1496.
88
What is the greatest common factor of 68072 and 44488?
536
Calculate the greatest common divisor of 616 and 355278.
154
What is the highest common factor of 75 and 3125?
25
What is the greatest common divisor of 914532 and 102?
102
What is the greatest common divisor of 11594 and 21483?
341
Calculate the highest common divisor of 6606 and 591971.
367
Calculate the highest common factor of 1236158 and 2792.
698
Calculate the greatest common divisor of 37391 and 556.
139
What is the greatest common divisor of 39 and 2249039?
13
Calculate the highest common divisor of 540 and 101880.
180
Calculate the greatest common factor of 1045 and 10010.
55
What is the greatest common factor of 5 and 35645?
5
Calculate the highest common divisor of 912 and 158400.
48
Calculate the greatest common divisor of 6813 and 40121.
757
Calculate the highest common divisor of 3971 and 14801.
361
Calculate the greatest common divisor of 2752 and 1328.
16
What is the highest common divisor of 453552 and 1584?
528
Calculate the greatest common factor of 23012 and 220.
44
Calculate the greatest common divisor of 432 and 1281144.
24
What is the greatest common divisor of 204 and 40664?
68
What is the highest common factor of 126 and 1131?
3
What is the greatest common factor of 3403 and 5312?
83
Calculate the greatest common divisor of 31115 and 86360.
635
Calculate the highest common factor of 16128 and 315.
63
What is the greatest common divisor of 668173 and 437?
437
What is the greatest common divisor of 351 and 68367?
39
Calculate the highest common factor of 1104158 and 62.
62
Calculate the highest common factor of 471951 and 369.
369
Calculate the highest common factor of 13793 and 26.
13
What is the greatest common divisor of 3 and 15733?
1
What is the greatest common factor of 85480 and 80?
40
Calculate the highest common factor of 9838 and 18.
2
What is the highest common factor of 4488 and 212432?
1496
Calculate the greatest common divisor of 187420 and 100.
20
Calculate the highest common divisor of 5824 and 288.
32
Calculate the highest common divisor of 6345 and 130284.
423
Calculate the highest common factor of 212 and 50774.
106
Calculate the highest common divisor of 57000 and 10488.
456
What is the highest common divisor of 4734 and 1080?
18
Calculate the highest common factor of 31792 and 1000.
8
What is the highest common factor of 360 and 78864?
24
Calculate the greatest common factor of 2316888 and 420.
84
Calculate the greatest common factor of 49664 and 82256.
1552
What is the highest common factor of 120528 and 4374?
486
What is the highest common factor of 156 and 7071480?
156
What is the greatest common divisor of 64 and 45432?
8
Calculate the highest common factor of 10 and 1670.
10
Calculate the greatest common factor of 80375 and 250.
125
Calculate the highest common divisor of 1416 and 6264.
24
What is the greatest common factor of 935 and 58718?
187
What is the highest common factor of 1456 and 229008?
208
What is the highest common factor of 12661 and 55?
11
What is the highest common divisor of 180 and 2340036?
36
What is the greatest common factor of 5950 and 167076?
238
Calculate the highest common factor of 473025 and 765.
255
What is the greatest common divisor of 297 and 837?
27
Calculate the greatest common divisor of 149211 and 4779.
531
What is the highest common divisor of 1334 and 16?
2
Calculate the greatest common factor of 31419 and 360.
9
What is the highest common factor of 306905 and 35?
5
What is the greatest common divisor of 527735 and 130?
65
Calculate the highest common divisor of 100467 and 27.
27
What is the highest common factor of 215267 and 26?
13
What is the greatest common factor of 31008 and 672?
96
What is the greatest common divisor of 330 and 48255?
15
What is the greatest common factor of 195 and 513330?
15
What is the greatest common divisor of 18368 and 2324?
28
Calculate the greatest common factor of 3468612 and 21.
21
Calculate the greatest common factor of 2008 and 54.
2
What is the greatest common divisor of 5376 and 16592?
16
Calculate the highest common factor of 100 and 37460.
20
Calculate the greatest common factor of 108 and 1032561.
27
Calculate the highest common divisor of 2916 and 264627.
729
What is the highest common factor of 12709 and 36337?
179
What is the highest common divisor of 110 and 37010?
10
What is the greatest common factor of 4623 and 2412?
201
What is the greatest common factor of 176337 and 622?
311
What is the highest common divisor of 404240 and 1860?
620
What is the highest common divisor of 17 and 211?
1
What is the greatest common factor of 375 and 69500?
125
Calculate the greatest common divisor of 226152 and 51192.
648
Calculate the highest common divisor of 183 and 55542.
3
What is the greatest common divisor of 179 and 4117?
179
Calculate the highest common divisor of 15534 and 882.
18
What is the greatest common factor of 180 and 5690?
10
Calculate the greatest common divisor of 240944 and 176.
176
Calculate the highest common factor of 200 and 926950.
50
Calculate the greatest common divisor of 3279009 and 932.
233
What is the greatest common factor of 70473 and 3892?
139
Calculate the greatest common divisor of 20 and 4024750.
10
What is the greatest common factor of 6231 and 217?
31
What is the greatest common factor of 7915232 and 212?
212
Calculate the highest common divisor of 156 and 7404.
12
Calculate the highest common factor of 86 and 100663.
43
Calculate the highest common divisor of 3597 and 12771.
33
What is the greatest common divisor of 107115 and 2775?
555
Calculate the greatest common divisor of 1881 and 616341.
627
What is the highest common divisor of 8174 and 7236?
134
Calculate the highest common factor of 89722 and 1130.
226
Calculate the greatest common divisor of 348 and 203316.
12
What is the highest common divisor of 2754 and 329832?
162
What is the highest common factor of 18144 and 18984?
168
Calculate the greatest common factor of 1